t u be c(-8). Let r(y) = 15 - 3*y - 27 + 7. Determine r(u).
13
Let r(v) be the second derivative of -v**2 - 12*v + 2 + 1/6*v**3 - 1/4*v**4. What is r(3)?
-26
Let n(d) = d**2 - 10*d - 8. Let q(m) = -13*m + 284. Let b be q(21). Determine n(b).
3
Let i(j) = 4*j**2 + 10 - 18*j + 178*j**3 + 7*j**2 - 179*j**3. Determine i(9).
10
Let t be (14/1)/2 - (-60)/(-15). Let y(c) = 0*c**2 + c - 60*c**t + 61*c**3 + 8 - c**2. Calculate y(0).
8
Let t(p) = -p - 6. Suppose 4*k + 21 = -7. What is t(k)?
1
Let n(i) = 5*i**2 - 2*i - 1. Suppose 3*a - 74 = a. Suppose 23 = 5*t - a. Let c be (-3)/4 - 3/t. Determine n(c).
6
Suppose 27 = 4*l - 5*z, -4*z + 2*z = 2*l. Let o(f) = 271 + l*f + f**2 - 138 - 129. Suppose 4*u + 33 = 13. Determine o(u).
14
Let u(b) = -b**2 - 9*b + 6. Let w be (0 - (-6)/(-12))*2. Let n be w + 2 + 1 - (-23 + 32). Determine u(n).
20
Let h(x) = 2*x - 3. Let l(q) = -4*q + 3. Let z(t) = -6*h(t) - 5*l(t). What is z(-1)?
-5
Let j(o) = 4 + 5*o + 0*o - 3 - 4*o. Let u(l) = -4*l - 19. Let g be u(-6). Suppose -4*d + 3*x = -39, 4*x = -g*d + 2*d - 2. Determine j(d).
7
Let y(x) = 57*x**3 - 25*x**3 - 3*x - 3*x**2 - 31*x**3 + 1. Let c = -4 - -8. Let r be y(c). Let v(w) = -2*w + 6. Determine v(r).
-4
Let x(n) = -n**2 + 4*n + 5. Let y be (-6)/(0 + -2) + -1. Suppose -s + 18 = y*s. Give x(s).
-7
Let x(p) = -p**2 + 10*p - 11. Let y(g) = 3*g + 39. Let s be y(25). Let v = 122 - s. Calculate x(v).
5
Let s(p) = 6*p**2 + p + 1. Let u be (-16)/(-10)*5/2. Suppose 0 + u = -4*n. Determine s(n).
6
Let g(v) = -5*v**2 + 4*v + 9. Let j(h) = 15*h**2 - 11*h - 25. Let y(x) = -11*g(x) - 4*j(x). Calculate y(-1).
-4
Let x = -93 + 93. Let m(u) = u**2 - u - 1. Give m(x).
-1
Suppose 3*p - 3*n = -2*p + 34, 4*n = 3*p - 27. Suppose -p*g + 5 = -0. Let f(c) = 14*c**2 - 1. What is f(g)?
13
Let m(w) = 14*w**2 - 140*w - 1. Let d be m(10). Let s(x) be the first derivative of -4*x**3 - x**2/2 + 2. Determine s(d).
-11
Let i(n) = 3*n + 0*n - 8*n + 3*n - 4. Determine i(-6).
8
Let i be (-177)/(-6) + 2/(-4). Suppose -5*l - 4 = 4*h - i, 0 = -3*l + 3. Let y(a) = 2*a**2 - 5*a - 2. Determine y(h).
23
Let c = 256 + -252. Let d(t) be the third derivative of 0 - 1/12*t**c - 5/6*t**3 + 0*t + 2*t**2. Give d(-5).
5
Let t(h) = -5*h + 6. Let m(k) = -6*k + 7. Let s(d) = 6*m(d) - 7*t(d). Let x = -15 + 13. Calculate s(x).
2
Suppose 0 = 4*f - 5*d - 13, -d = -f - 2*f + 7. Let k(g) = 4*g**2 - g**3 + 3 + 2*g + 0 - f*g**2. Determine k(3).
0
Let g(y) = 1. Let d(w) = w**2 - 3*w - 1. Let q(z) = -d(z) - 4*g(z). Let c = -47 - -49. What is q(c)?
-1
Let c(t) = -4*t**2 - 127 + 128 + 5*t**2. Let v(u) = u**3 - 6*u**2 - u - 5. Let m(i) = 6*c(i) + v(i). Calculate m(0).
1
Suppose 0 = -y - 2*i + 41, 5*i - 1 = 4. Let r(f) = -40 - 5*f + y + 2*f. Suppose 7 = -5*w + 3*u, -3*w + 4*w - 5*u = 3. Determine r(w).
5
Let b(a) = -a**3 + 5*a**2 - 3*a + 6. Suppose 3*j + 21 = -18. Suppose 11*c = 13*c - 34. Let k = j + c. Calculate b(k).
10
Let p(y) be the second derivative of y**7/2520 - y**6/120 - y**5/30 - 5*y**4/3 + y + 22. Let r(k) be the third derivative of p(k). What is r(6)?
-4
Let n(q) = q**2 + q - 17 - 4*q**3 + 5*q**3 - 14 + 75 - 47. Calculate n(0).
-3
Let l(v) = v - 9. Let u = 14 + -14. Suppose u = 2*i + 3 + 5. Let s(d) = -d + 9. Let w(o) = i*l(o) - 5*s(o). Calculate w(5).
-4
Let l = -247 + 244. Let m(k) = -8*k - 15. Calculate m(l).
9
Let f(q) = -q**3 - 4*q**2 - 2*q + 2. Suppose 45 + 15 = -15*v. Calculate f(v).
10
Let s(z) = 32*z - 22. Let r(f) = 42*f - 21. Let c(x) = 3*r(x) - 4*s(x). Give c(9).
7
Let i(p) = -2*p + 17. Let q be i(7). Let s(y) = -3*y + 2 - q + 3. Determine s(-2).
8
Let f = -586 - -589. Let l(n) = -3*n**3 - 2*n**2 - 6*n + 6. Let o(y) = 3*y**2 + y + 2*y**3 - 1 - y**3 - 3*y**2. Let s(w) = l(w) + 4*o(w). Determine s(f).
5
Let g(a) = 2*a**2 + 4*a + 1. Suppose 9 = -249*l + 246*l. Give g(l).
7
Let c(k) = -3*k - 26. Let t = 398 + -404. Determine c(t).
-8
Let c(q) = 3 - 5 + 4 + 0 - 21*q. Let k(p) = -10*p + 1. Let z(h) = 2*c(h) - 5*k(h). Suppose -d = -2*x - 7, 4 = 3*d + 4*x + 23. Determine z(d).
-9
Let a(p) = -p**3 - 3*p**2 + 2*p - 1. Let x = 23 - 27. Calculate a(x).
7
Suppose -13 = -4*k + p, -5*p = 3*k - 0*k - 4. Let c(m) be the second derivative of 0 + 2/3*m**k + m**2 - 6*m - 1/12*m**4. What is c(5)?
-3
Suppose 10*z + 20 = 6*z. Let k = z + 0. Let c(h) be the first derivative of -h**4/4 - 2*h**3 - 7*h**2/2 - 29. What is c(k)?
10
Suppose 2*w - 2 = 3*j - 0, -4 = -4*j - 4*w. Let n(d) = 4*d + 1. Let u be n(j). Let t(q) = -7*q**2 + 1. Give t(u).
-6
Let y(i) be the first derivative of -1/3*i**3 + 12 - 3*i**2 + 0*i. Determine y(-6).
0
Let l be 4 + (4 - (-2 - -4)). Let t be l/(-27) - (-488)/9. Suppose 5*f - 19 + t = 0. Let p(u) = -u. Calculate p(f).
7
Let w(q) = -3*q**2 + q + 2. Let s(u) = u**3 + 6*u**2 + 2. Suppose 2*t + 3*f + 11 = 0, -4*f + 60 = -5*t + 21. Let m = t - -1. Let o be s(m). What is w(o)?
-8
Let n = 36 + -32. Suppose 4*r + n = -12. Let q(o) = o + 1 + 0*o - 2. What is q(r)?
-5
Let t(i) = -i**3 - 6*i**2 - 7*i - 5. Let h be (-3)/3 - (5 + 8/(-8)). Give t(h).
5
Let x(v) = v. Let m(z) = z**2 - z - 1. Let y be m(-1). Let f(n) = -n. Let b(p) = -19*p + 2. Let u(j) = y*b(j) - 6*f(j). Let s(a) = u(a) + 6*x(a). Give s(-2).
16
Let r(h) be the first derivative of 4*h + 5/2*h**2 + 1/3*h**3 + 18. What is r(-3)?
-2
Let v(h) = 8*h + 60. Let r be v(-7). Let k(f) = -f - 6. Calculate k(r).
-10
Let b(o) = o + 3. Suppose -6*r - 8 = -10*r. Suppose -r*v = -3*y - 11, -2*v - 9*y + 5*y = 24. Calculate b(v).
1
Let i(v) be the second derivative of v**4/2 - v. Let m = 2 + 1. Let c be (-5 - -3)*m/6. Give i(c).
6
Let x(t) = t**3 - t**2 - 2. Let a be 4 + -10 - -6 - (0 + 0). Let g be x(a). Let k(l) = 12*l - 12. Let r(s) = s - 1. Let o(c) = -k(c) + 10*r(c). Give o(g).
6
Let y(n) = 2*n**2 - 6*n**2 + 0*n - 7 - 6*n + 3*n**2. What is y(-7)?
-14
Suppose -2*q + 0*i + 5*i = -92, -184 = -3*q - 4*i. Let r = -51 + q. Let c(a) = -a + 4. Give c(r).
-1
Let j(p) = 1 + 13*p**2 - p + 13*p**2 - 9*p**2 + 3*p**2. Calculate j(1).
20
Let r(g) = -g**3 - 5*g**2 + 6*g - 8. Let k be 2 + (-2 - 39) - 4. Let l = k + 37. What is r(l)?
-8
Let z(q) = q**2 - 12*q - 11. Let m be z(13). Let n(b) = 6*b**2 - 14 + 6 - 7 + 36*b. Let w(p) = -p**2 - 7*p + 3. Let x(a) = m*n(a) + 11*w(a). Give x(5).
3
Suppose -4*g + 3 = -3*g. Let q(p) = g*p**3 - 2*p**2 - 2*p - 10 + 5 - 1 + 5. Calculate q(-1).
-4
Let f be -10*(-4)/(60/9). Suppose y + 3*c - 7 = 0, 3*y - f = 2*y - 2*c. Let z(s) = 2 - 17*s - y + 16*s. Give z(6).
-8
Let i be (-4 - 2)/((-2)/3). Let s = 3 - i. Let j(c) be the second derivative of c**3/3 + 4*c**2 - 28*c. Determine j(s).
-4
Suppose 0*l = -3*l. Suppose l*d - 2*d - 2 = 0, d + 1 = -4*x. Let f(c) be the second derivative of c**4/12 + c**3/6 - 3*c**2 - 3*c - 2. Calculate f(x).
-6
Let x(m) be the second derivative of 28*m + 0 + 1/2*m**2 + 11/6*m**3. What is x(2)?
23
Let a(r) = -r**3 + r**2 + 4*r + 3. Let m(t) = -t + 18. Let l(z) = 2*z - 18. Let d(p) = 3*l(p) + 2*m(p). Let w be d(6). Suppose -g = -4*g - w. Determine a(g).
7
Let d(j) be the first derivative of j**3/3 + 3*j**2 - 8*j + 19. Let n = -27 + 21. Calculate d(n).
-8
Let x be ((-2)/5)/(1/(-5)). Let t(j) = -j - 4*j**3 - 3*j**2 - 1 + x*j**2 - j. Suppose -3*i + 3 - 4 = -5*h, 0 = 4*h + 5*i + 14. Give t(h).
4
Let x(h) be the second derivative of -h**4/12 - 2*h**3 - 8*h**2 + 513*h. Give x(-10).
4
Suppose -4*n + 17 = 3*q, -3*n + 12 = -7*q + 9*q. Let i(u) = u**2 + u - 1. Give i(n).
5
Let t(m) = m**2 + 4*m**3 - 4*m**3 + 2 - m**3. Suppose -78 = -2*v - 0*v. Let b = v - 39. What is t(b)?
2
Let c(n) = -n**2 + 6*n - 1. Let t be c(4). Let s(p) be the first derivative of p**3/3 - 5*p**2/2 - 7*p + 3. Calculate s(t).
7
Let k(w) = -1169 + 586 + w + 584. Suppose 0 = 4*a - z - 3 + 4, -a = -2*z - 5. What is k(a)?
0
Let w(a) be the first derivative of -a**2/2 - 14*a - 30. Give w(0).
-14
Let d(x) = -3*x - 8. Let o(c) = 6*c + 13. Let n(t) = 5*d(t) + 3*o(t). Determine n(-2).
-7
Let v(b) = -b**2 + 4*b + 3. Suppose y - 1 + 3 = -5*d, 3*y + d = -6. Determine v(y).
-9
Suppose -5*t - 5 = -n + 10, -5*t = 2*n + 30. Let q(f) = 7*f**2 + 14*f + 6. Let v(h) = 3*h**2 + 7*h + 3. Let k(s) = n*v(s) + 2*q(s). What is k(-5)?
7
Let j(o) = o**3 - 3*o**2 + 35*o - 135. Let k be j(4). Let y(u) = -2*u + 35. Give y(k).
-7
Let b = 1426 + -1426. Let x(n) = n**3 + n**2 - n + 9. Determine x(b).
9
Let g